{"id":1182,"date":"2022-10-21T14:18:49","date_gmt":"2022-10-21T12:18:49","guid":{"rendered":"https:\/\/www.delagirafe.fr\/?post_type=product&#038;p=1182"},"modified":"2025-12-08T09:41:14","modified_gmt":"2025-12-08T08:41:14","slug":"decapsuleur-magnetique-tout-travail-merite-sa-biere","status":"publish","type":"product","link":"https:\/\/www.delagirafe.fr\/?product=decapsuleur-magnetique-tout-travail-merite-sa-biere","title":{"rendered":"D\u00e9capsuleur magn\u00e9tique &#8211; Tout travail m\u00e9rite sa bi\u00e8re !"},"content":{"rendered":"<p>D\u00e9capsuleur magn\u00e9tique &#8211; Bois &#8211; Ch\u00eane &#8211; Humoristique<\/p>\n","protected":false},"excerpt":{"rendered":"<p>D\u00e9capsuleur magn\u00e9tique- Bois &#8211; Ch\u00eane Humoristique<\/p>\n","protected":false},"featured_media":1183,"comment_status":"open","ping_status":"closed","template":"","meta":[],"product_cat":[51,41,25],"product_tag":[],"class_list":{"0":"post-1182","1":"product","2":"type-product","3":"status-publish","4":"has-post-thumbnail","6":"product_cat-accessoires","7":"product_cat-autour-de-la-table","8":"product_cat-objets-deco","10":"first","11":"instock","12":"shipping-taxable","13":"purchasable","14":"product-type-simple"},"_links":{"self":[{"href":"https:\/\/www.delagirafe.fr\/index.php?rest_route=\/wp\/v2\/product\/1182"}],"collection":[{"href":"https:\/\/www.delagirafe.fr\/index.php?rest_route=\/wp\/v2\/product"}],"about":[{"href":"https:\/\/www.delagirafe.fr\/index.php?rest_route=\/wp\/v2\/types\/product"}],"replies":[{"embeddable":true,"href":"https:\/\/www.delagirafe.fr\/index.php?rest_route=%2Fwp%2Fv2%2Fcomments&post=1182"}],"wp:featuredmedia":[{"embeddable":true,"href":"https:\/\/www.delagirafe.fr\/index.php?rest_route=\/wp\/v2\/media\/1183"}],"wp:attachment":[{"href":"https:\/\/www.delagirafe.fr\/index.php?rest_route=%2Fwp%2Fv2%2Fmedia&parent=1182"}],"wp:term":[{"taxonomy":"product_cat","embeddable":true,"href":"https:\/\/www.delagirafe.fr\/index.php?rest_route=%2Fwp%2Fv2%2Fproduct_cat&post=1182"},{"taxonomy":"product_tag","embeddable":true,"href":"https:\/\/www.delagirafe.fr\/index.php?rest_route=%2Fwp%2Fv2%2Fproduct_tag&post=1182"}],"curies":[{"name":"wp","href":"https:\/\/api.w.org\/{rel}","templated":true}]}}