{"id":547,"date":"2020-11-05T18:34:27","date_gmt":"2020-11-05T17:34:27","guid":{"rendered":"http:\/\/www.delagirafe.fr\/?post_type=product&#038;p=547"},"modified":"2025-11-07T09:19:22","modified_gmt":"2025-11-07T08:19:22","slug":"planchette-a-saucisson-comtois-rends-toi","status":"publish","type":"product","link":"https:\/\/www.delagirafe.fr\/?product=planchette-a-saucisson-comtois-rends-toi","title":{"rendered":"Planchette \u00e0 Saucisson &#8211; Comtois, Rends-toi !"},"content":{"rendered":"<div class=\"\" data-block=\"true\" data-editor=\"5bqkk\" data-offset-key=\"3sm53-0-0\">\n<div class=\"_1mf _1mj\" data-offset-key=\"3sm53-0-0\"><span data-offset-key=\"3sm53-0-0\">Avec cette planchette \u00e0 saucisson gliss\u00e9e dans la poche arri\u00e8re de votre blue-jean, vous ne manquerez jamais de classe et vous serez toujours pr\u00eat \u00e0 vous payer une bonne tranche&#8230; <\/span><\/div>\n<\/div>\n<div class=\"\" data-block=\"true\" data-editor=\"5bqkk\" data-offset-key=\"d09a-0-0\">\n<div class=\"_1mf _1mj\" data-offset-key=\"d09a-0-0\"><span data-offset-key=\"d09a-0-0\">\u00a0<\/span><\/div>\n<\/div>\n<div class=\"\" data-block=\"true\" data-editor=\"5bqkk\" data-offset-key=\"1roo-0-0\">\n<div class=\"_1mf _1mj\" data-offset-key=\"1roo-0-0\"><span data-offset-key=\"1roo-0-0\">L&rsquo;homme de la situation, maintenant, c&rsquo;est vous !!<\/span><\/div>\n<\/div>\n<p>&nbsp;<\/p>\n<p>Ch\u00eane massif non trait\u00e9<\/p>\n<p>5cm \u00d7 23cm \u00d7 8 mm<\/p>\n<p>&nbsp;<\/p>\n<p>Article cr\u00e9\u00e9 et produit dans notre atelier.<\/p>\n<p>100% Franc-Comtois !<\/p>\n","protected":false},"excerpt":{"rendered":"<p>Ne manquez plus de style ! Avec cette planchette \u00e0 saucisson gliss\u00e9e dans la poche arri\u00e8re de votre blue-jean, vous ne manquerai jamais de classe et vous serez toujours pr\u00eat \u00e0 vous payer une bonne tranche&#8230; De saucisson !<\/p>\n<p>L&rsquo;homme de la situation, c&rsquo;est vous !<\/p>\n<p>Ch\u00eane massif non trait\u00e9<\/p>\n<p>5cm \u00d7 23cm \u00d7 8 mm<\/p>\n<p>&nbsp;<\/p>\n<p>Article cr\u00e9\u00e9 et produit dans notre atelier.<\/p>\n<p>100% Franc-Comtois !<\/p>\n","protected":false},"featured_media":548,"comment_status":"open","ping_status":"closed","template":"","meta":[],"product_cat":[41,49],"product_tag":[],"class_list":{"0":"post-547","1":"product","2":"type-product","3":"status-publish","4":"has-post-thumbnail","6":"product_cat-autour-de-la-table","7":"product_cat-planches","9":"first","10":"instock","11":"shipping-taxable","12":"purchasable","13":"product-type-simple"},"_links":{"self":[{"href":"https:\/\/www.delagirafe.fr\/index.php?rest_route=\/wp\/v2\/product\/547"}],"collection":[{"href":"https:\/\/www.delagirafe.fr\/index.php?rest_route=\/wp\/v2\/product"}],"about":[{"href":"https:\/\/www.delagirafe.fr\/index.php?rest_route=\/wp\/v2\/types\/product"}],"replies":[{"embeddable":true,"href":"https:\/\/www.delagirafe.fr\/index.php?rest_route=%2Fwp%2Fv2%2Fcomments&post=547"}],"wp:featuredmedia":[{"embeddable":true,"href":"https:\/\/www.delagirafe.fr\/index.php?rest_route=\/wp\/v2\/media\/548"}],"wp:attachment":[{"href":"https:\/\/www.delagirafe.fr\/index.php?rest_route=%2Fwp%2Fv2%2Fmedia&parent=547"}],"wp:term":[{"taxonomy":"product_cat","embeddable":true,"href":"https:\/\/www.delagirafe.fr\/index.php?rest_route=%2Fwp%2Fv2%2Fproduct_cat&post=547"},{"taxonomy":"product_tag","embeddable":true,"href":"https:\/\/www.delagirafe.fr\/index.php?rest_route=%2Fwp%2Fv2%2Fproduct_tag&post=547"}],"curies":[{"name":"wp","href":"https:\/\/api.w.org\/{rel}","templated":true}]}}