{"id":892,"date":"2021-03-26T14:46:35","date_gmt":"2021-03-26T13:46:35","guid":{"rendered":"https:\/\/www.delagirafe.fr\/?post_type=product&#038;p=892"},"modified":"2025-10-24T14:56:09","modified_gmt":"2025-10-24T12:56:09","slug":"puzzle-oeufs-de-paques-surprise-en-bois","status":"publish","type":"product","link":"https:\/\/www.delagirafe.fr\/?product=puzzle-oeufs-de-paques-surprise-en-bois","title":{"rendered":"Puzzle \u0152uf de P\u00e2que surprises en bois"},"content":{"rendered":"<p><span class=\"ILfuVd\"><span class=\"hgKElc\">Bient\u00f4t P\u00e2ques !! Malheureusement, de nombreuses \u00e9tudes ont d\u00e9montr\u00e9 que le sucre favorisait de nombreux probl\u00e8mes de sant\u00e9. Pour les enfants : des caries, de l&rsquo;ob\u00e9sit\u00e9 et des carences nutritionnelles.<\/span><\/span><\/p>\n<p>Mais que cacher pour la chasse aux \u0153ufs ?<\/p>\n<p>Les \u0152ufs de P\u00e2ques en bois \u00ab\u00a0Delagirafe\u00a0\u00bb vous offre une alternative \u00e9coresponsable, ludique, amusante et durable.<\/p>\n<p>\u00d4tez le capuchon, et surprise ! Un petit compagnon vous attend ! Vous pourrez ensuite passer un moment de bonheur \u00e0 colorier votre puzzle !<\/p>\n<p>Fabriqu\u00e9s artisanalement en Franche-Comt\u00e9<\/p>\n<p>Hauteur 7cm<\/p>\n<p>Largeur 5.5.cm<\/p>\n<p>\u00c9paisseur 9mm<\/p>\n<p>&nbsp;<\/p>\n","protected":false},"excerpt":{"rendered":"<p>Les Puzzles \u0152ufs Surprises en bois \u00ab\u00a0Delagirafe\u00a0\u00bb vous offre une alternative \u00e9coresponsable, ludique, amusante et durable.<\/p>\n<p>\u00d4tez le capuchon, et surprise ! Un petit compagnon vous attend ! Vous pourrez ensuite passer un moment de bonheur \u00e0 colorier votre puzzle !<\/p>\n<p>Fabriqu\u00e9s artisanalement en Franche-Comt\u00e9<\/p>\n","protected":false},"featured_media":898,"comment_status":"open","ping_status":"closed","template":"","meta":[],"product_cat":[48,46],"product_tag":[],"class_list":{"0":"post-892","1":"product","2":"type-product","3":"status-publish","4":"has-post-thumbnail","6":"product_cat-autres-creations","7":"product_cat-paques","9":"first","10":"instock","11":"shipping-taxable","12":"purchasable","13":"product-type-variable"},"_links":{"self":[{"href":"https:\/\/www.delagirafe.fr\/index.php?rest_route=\/wp\/v2\/product\/892"}],"collection":[{"href":"https:\/\/www.delagirafe.fr\/index.php?rest_route=\/wp\/v2\/product"}],"about":[{"href":"https:\/\/www.delagirafe.fr\/index.php?rest_route=\/wp\/v2\/types\/product"}],"replies":[{"embeddable":true,"href":"https:\/\/www.delagirafe.fr\/index.php?rest_route=%2Fwp%2Fv2%2Fcomments&post=892"}],"wp:featuredmedia":[{"embeddable":true,"href":"https:\/\/www.delagirafe.fr\/index.php?rest_route=\/wp\/v2\/media\/898"}],"wp:attachment":[{"href":"https:\/\/www.delagirafe.fr\/index.php?rest_route=%2Fwp%2Fv2%2Fmedia&parent=892"}],"wp:term":[{"taxonomy":"product_cat","embeddable":true,"href":"https:\/\/www.delagirafe.fr\/index.php?rest_route=%2Fwp%2Fv2%2Fproduct_cat&post=892"},{"taxonomy":"product_tag","embeddable":true,"href":"https:\/\/www.delagirafe.fr\/index.php?rest_route=%2Fwp%2Fv2%2Fproduct_tag&post=892"}],"curies":[{"name":"wp","href":"https:\/\/api.w.org\/{rel}","templated":true}]}}